e (-1 + (-2)/(-4) + 3)*w. Calculate the highest common factor of 20 and g.
5
Let c(k) be the second derivative of 3*k**4/4 + 8*k**3/3 - 40*k**2 - 173*k. Let u be c(-12). What is the highest common divisor of 8 and u?
8
Suppose 0 = -3*s - 7*s + 190. Suppose 12*i = s*i - 21. Suppose -l + i*j + 16 = 4*l, l - 5*j = -10. Calculate the greatest common factor of 55 and l.
5
Let v(s) = s**3 + 12*s**2 - 47*s - 28. Let u be v(-15). Suppose g + 0*g = u*i - 11, 0 = -4*i - 2*g + 2. What is the greatest common divisor of 51 and i?
3
Let j = 170 - 300. Let y = j - -140. Suppose y*n - 3*n - 280 = 0. What is the highest common divisor of n and 20?
20
Suppose x - 22*p + 19*p - 1218 = 0, -4782 = -4*x - 3*p. What is the greatest common factor of 250 and x?
50
Suppose -5 = 39*k - 5. Suppose k = 12*u - 239 - 133. Let a be (-2 + -246)*(-6)/8. Calculate the greatest common divisor of u and a.
31
Suppose 209*k + 225*k - 4680 = 174*k. Let a = -161 + 242. Calculate the greatest common divisor of a and k.
9
Let w = 741 + -283. Suppose -5*r = -3*t - 2730, -3*t + w = 2*r - 634. Calculate the highest common divisor of r and 42.
42
Let x = -3390 + 4476. What is the greatest common factor of 12 and x?
6
Let z be (68/(-6))/(4/(-54)). Suppose -5*f - 80*o + 48 = -79*o, -4*f + 21 = -5*o. Calculate the highest common factor of f and z.
9
Suppose -1 = -c + 7. Let x = -487 - -342. Let z = x + 169. What is the greatest common factor of z and c?
8
Suppose 3282 + 3641 = 56*l - 6797. What is the greatest common divisor of l and 315?
35
Let w(g) = 30*g + 795. Let c be w(8). Calculate the highest common divisor of c and 405.
45
Suppose 0 = -13*b + 6*b + 1148. Let d = b - 52. Calculate the greatest common divisor of 84 and d.
28
Let l(g) = g**3 + 24*g**2 - 41*g + 49. Let t be l(-23). Suppose -6*k - 1101 + t = 0. Calculate the greatest common divisor of 40 and k.
10
Suppose 6*j - 8 = 10. Let r = -135 - -75. Let s = -36 - r. What is the greatest common divisor of s and j?
3
Let k(i) = 459*i - 10067. Let p be k(25). Calculate the highest common divisor of 66 and p.
22
Let j be (-3)/((-30)/4) + 17515/775. Calculate the highest common factor of 25 and j.
1
Let b(j) = j**3 - 26*j**2 + 55*j - 1060. Let h be b(26). Calculate the highest common divisor of 40 and h.
10
Suppose 308 = -9*o + 5*o - 5*z, -154 = 2*o - 3*z. Let j be (-19921)/o + (-2)/(-7). Calculate the highest common divisor of 37 and j.
37
Let h = -60 + 62. Let y(o) = 144*o + 9. Let a be y(h). Calculate the highest common divisor of 33 and a.
33
Suppose 0 = -3*n + 116 - 20. Let m be 0/((-14)/7 - -9). Let v be 48 - m*(-6)/24. Calculate the greatest common divisor of v and n.
16
Let p(y) = 28*y + 32. Let g be p(6). Suppose -g = -17*q + 12*q. What is the highest common factor of 56 and q?
8
Let d(u) = -58*u**2 + 3. Let l(c) = 28*c**2 - 1. Let s(w) = 2*d(w) + 5*l(w). Let a be s(-1). Calculate the highest common divisor of 35 and a.
5
Let y be (((-35)/(-2))/(-5))/(92/(-6072)). Calculate the greatest common divisor of y and 66.
33
Let y(t) = -5*t + 35. Let d be y(-2). Let p = -38 + 63. Calculate the highest common factor of p and d.
5
Let t be (-2 - -6) + (16 - -1). Let x = t - 1. Let v = -3610 + 3690. What is the highest common divisor of v and x?
20
Let w = 3906 + -3124. Calculate the highest common divisor of 442 and w.
34
Let u be (-1)/((-11)/5 + 2). Let f(o) = -2*o**3 + 11*o**2 + 9*o - 10. Let b be f(u). What is the highest common divisor of b and 10?
10
Let m be 5/2*12 - (-72)/(-9). Let i be 0 - (-4)/(16/(-572)). Let p = -77 - i. What is the greatest common divisor of m and p?
22
Suppose -39*o = -38*o + 8. Let g(u) = -u**3 - 7*u**2 - 5*u + 6. Let n be g(o). Calculate the greatest common divisor of 44 and n.
22
Let t = -9362 + 21103. What is the greatest common factor of 236 and t?
59
Let n(t) = -t**3 + 11*t**2 - 4*t + 4. Let f be n(6). Suppose 37*p + f = 47*p. What is the greatest common divisor of p and 64?
16
Let h be 1636/(-24) + 7/42. Let u be (h/(-20) - 3) + 348/30. What is the greatest common divisor of u and 21?
3
Let k(z) = z**2 + 3*z + 72. Let h be k(-15). Let s = 340 - h. What is the greatest common divisor of s and 22?
22
Suppose 0 = -5*f - 4*c + 27, -2*f - c - 30 + 42 = 0. Let l be 4/14 + (-10)/35 + 3. What is the highest common factor of f and l?
1
Let l = -14 + 19. Let g(d) = d**2 - 3*d - 13. Let h be (2/5)/(1/15). Let p be g(h). Calculate the highest common factor of p and l.
5
Suppose -98*l + 33*l = -644670. What is the highest common factor of 348 and l?
174
Let u be 4655/105 - ((-20)/(-30) + 2/3). What is the highest common factor of u and 11?
1
Let j(p) = -101*p**2 - 2*p + 11. Let a be j(-11). Let k be 1 + 0 + a/(-22). What is the greatest common factor of 15 and k?
15
Suppose p - 5*z - 390 = 0, 2*p + 3*z - 793 = 26. Suppose 3*r + r = 120. Calculate the highest common factor of p and r.
15
Let r = -99 - -57. Let s be 3*-6*r/27. Let i be 3/1 - (-4)/(s/1883). What is the greatest common divisor of i and 34?
34
Let r be (-428)/(-16) - 74/(-296). Calculate the highest common divisor of r and 6912.
27
Suppose 9*a + 795 = 28*a - 16*a. Calculate the highest common divisor of 5777 and a.
53
Let h be 5*(-7)/(35/(-6)). Suppose -2*f - h = -0*f. Let a be -1 - -36 - (f + (0 - -2)). Calculate the highest common divisor of a and 396.
36
Suppose 0 = -2*h + 7*h - 10. Let c be ((140/(-12))/(-7))/(h/(-108)). Let l be (3 - 26/10)/((-3)/c). Calculate the greatest common divisor of 24 and l.
12
Let n = -4130 + 4136. Calculate the highest common factor of n and 318.
6
Let o(n) = 2*n**3 + 15*n**2 + 7*n + 16. Let g be o(-7). Let b = g - 22. Let i be (-390)/(6/2)*3/b. Calculate the highest common divisor of 5 and i.
5
Suppose -4*h - 28 + 552 = -3*x, -3*h = -5*x - 404. Let o = 149 - h. Let i(f) = f**2 - 8*f + 10. Let c be i(7). What is the highest common divisor of o and c?
3
Let r = 36406 - 35414. Calculate the greatest common divisor of 2201 and r.
31
Suppose -2 + 3 = j. Suppose -213*v + 204*v + 1656 = 0. Suppose 26*n + 2 - v = 0. Calculate the greatest common divisor of n and j.
1
Suppose 0*q + 4*q = -5*k + 25, -3*k - 9 = 0. Let g be -6*(-2)/12*q. Let r be 0 + 4/(-10)*65/(-13). Calculate the greatest common factor of r and g.
2
Suppose 5*y - 182 = -2*y. Suppose 99 = -5*k + i + 1080, 0 = k + 4*i - 213. Let p = k + -93. What is the highest common divisor of y and p?
26
Suppose 36*n - 11800 = -23*n. Calculate the greatest common divisor of n and 650.
50
Let l = -465 - -491. Let s(x) = -5*x**2 + 130*x + 19. Let t be s(l). Let z(h) = -75*h + 1. Let f be z(-1). What is the highest common factor of t and f?
19
Let r be (-2)/(-15) - 7548/(-765). Calculate the greatest common factor of r and 962.
2
Suppose -74*j = -182*j + 357588. Calculate the greatest common factor of j and 154.
77
Suppose p - 1009 = 2*x, -22*p + 5*x + 5030 = -17*p. Calculate the highest common factor of 85 and p.
17
Let x(d) = -5*d**3 + 13*d**2 - 5*d + 3. Let m(l) = -l**3 - l + 1. Let k(v) = -3*m(v) + x(v). Let p be k(6). Calculate the greatest common factor of p and 888.
24
Let k = 1681 - 1551. Calculate the greatest common divisor of 2795 and k.
65
Suppose -50 = -50*q - 9*q + 363. Calculate the highest common factor of q and 9184.
7
Let y(v) = 8*v**2 - 14*v - 5. Let s be y(-2). Suppose 0*m + 4*m + 2*c - 48 = 0, 5*c = -m + 30. Calculate the highest common divisor of s and m.
5
Let q = -16948 - -19060. What is the greatest common divisor of q and 33?
33
Let h = -912 + 2127. Suppose 29*w - h = -5*c + 27*w, -2*c = -w - 486. What is the greatest common divisor of c and 54?
27
Suppose -13*u - 2*j = -8*u + 2994, -3*u - 1790 = -2*j. Let m be (-7)/((-616)/(-16)) - u/22. What is the highest common factor of m and 3?
3
Let y = 179 - 74. Let o(l) = -l**3 - 8*l**2 - 7*l + 15. Suppose -3*s = -6*s - 21. Let i be o(s). What is the greatest common divisor of i and y?
15
Suppose -3*g + 3 = 0, 2*t + 5*g = 3*t - 23. Let n = -192 + 129. Let d be (-176)/6*n/t. Calculate the highest common factor of 99 and d.
33
Let l = 12880 + -12869. What is the greatest common factor of 1859 and l?
11
Suppose -13*k + 102000 = -56171. Calculate the highest common factor of k and 23.
23
Let u be (-342)/12 + (-6)/4. Let j = u + 43. Suppose 0 = -j*w + 8*w + 345. What is the greatest common factor of 46 and w?
23
L